lse
Let w be (48/28)/((-2)/1169). Let x = 17 - w. Is x a prime number?
True
Let o = -481 - 138. Let h = 2242 + o. Is h a prime number?
False
Let w = -89 - -94. Is 662/(-5 + 35/w) a composite number?
False
Suppose 0 = 3*h + 18 + 3. Let x(s) = -290*s - 9. Let z be x(h). Suppose 0 = d - z - 128. Is d a composite number?
True
Let h(o) = 3*o**3 - 9*o**2 + 20*o - 3 + 2*o - 4*o**3. Let l be h(-11). Is (-2 - -105 - l)/2 a prime number?
True
Suppose 46 - 35 = t + 3*o, 0 = -t - 2*o + 8. Suppose -t*v = -2, 5*c - 17*v - 2679 = -21*v. Is c composite?
True
Let w(b) = 31*b**2 - 4*b + 21. Let z(m) = 15*m**2 - 2*m + 11. Let l(g) = 4*w(g) - 7*z(g). Let a be (32/10)/(165/(-25) - -7). Is l(a) a composite number?
True
Suppose 4*m + 8 = 4, -y + 9 = -2*m. Let o be y/((-14)/6) - 1. Is (28 - 30)*7882/o composite?
True
Suppose 0*d + 68846 = 4*u - 3*d, -3*u - d = -51641. Let i = u - 1418. Suppose -3546 = 9*g - i. Is g prime?
True
Suppose 38 = 3*k - 5*y, 0 = -k + 4*y - 0 + 22. Let i be (38 - 29)*(-20)/k. Is (-5)/(i/5861) - 3/(-18) prime?
True
Suppose -s - 3*j + 5 = 0, -4*s - 3*j = -2 - 0. Let u be (-1)/((-2 + s)/3). Is ((-1906)/(-8))/((-12)/16 + u) a composite number?
False
Let s(n) = -n**3 - 7*n**2 - 10*n - 12. Let o be s(-6). Let z be (-23)/(-4)*1033 - (-3)/o. Suppose 0 = -2*c - 3*c - w + z, -2*w = -5*c + 5955. Is c prime?
False
Let h(o) = 183*o**2 + 4*o + 4. Let s be h(4). Suppose -4 = -4*k - 4*u, 2*k - 1 = -5*u + 7. Is (k/(-2))/(2/s) a prime number?
False
Suppose -3*u = -5*z - 34817, -65*u = -60*u + z - 58047. Let y = u + -4774. Is y a prime number?
False
Suppose 0 = 2*o - 2*c + 4*c - 28, -2*o + 32 = 4*c. Suppose 503*n + 48 = 507*n - 4*w, -3*w - 3 = 0. Suppose 13*f - o = n*f. Is f a prime number?
False
Let j(k) = 2*k**2 + k + 3. Let g be j(6). Let t = -81 + g. Suppose -h + 4*q + 1721 = t, 925 - 2671 = -h - q. Is h composite?
False
Let r(d) = -10*d**3 - 27*d**2 + 44*d + 349. Is r(-24) a composite number?
True
Suppose -2*w + 49*w = 181514. Is w prime?
False
Let b = -1525 - -2776. Suppose -3*k + b = 6*k. Suppose s - k = 606. Is s a prime number?
False
Let l = 210 - 236. Let h(n) = 3*n**2 + 7*n - 3. Is h(l) prime?
False
Let n(j) = 50*j**3 - 116*j**2 + 17*j - 61. Is n(32) composite?
True
Suppose f + 615 = -k, -123 + 758 = -f - 5*k. Is (f/(-60) - 10)*(13997 + 1) prime?
True
Let c(i) = 3449*i**2 + 8*i. Let h be c(3). Suppose 0 = 3*m + g - 3*g - h, -5*m = -4*g - 51773. Is m a prime number?
True
Let s be (6/24*-2)/(2/(-3452)). Let v = s + -454. Is v composite?
False
Let t = -15 - -18. Suppose 2*w = 4*o - 10, -5*o - 3*w + 1 = -t*o. Is 131 - (-2 + 2 + 0 - o) a composite number?
True
Suppose 225 + 27 = -28*n. Is (2719*2/4)/(n/(-18)) a composite number?
False
Let t be 35/(-20) + (-91)/(-52). Let g be 2/(((-4)/26)/(-1)). Suppose 16*o - g*o - 1551 = t. Is o a prime number?
False
Let n(x) = 12*x**3 + 74*x**2 + 37*x - 186. Is n(25) a prime number?
False
Let f(q) = -735*q**3 + 56*q**2 + 233*q - 3. Is f(-5) a composite number?
False
Is 11116535/(-410)*-1*2 a composite number?
True
Suppose -17*x = -560 - 152525. Suppose 5*i + x = 10*i. Is i a composite number?
False
Let c(i) = 2*i**3 - 29*i**2 - 34*i - 16. Let d be ((-77)/(-14))/11*(-76)/(-2). Is c(d) a composite number?
True
Suppose 51*t + 69*t = 710280. Is t a composite number?
True
Let a(n) = 3*n**2 - 15*n + 14. Let y be a(4). Suppose 5*w = -5, y*w - 1861 = 5*r - 12358. Is r a prime number?
True
Let i(b) = 552*b**2 + 4*b + 737. Is i(-28) composite?
False
Suppose -3*j + 121578 = -3*a, 29*a = 32*a - 15. Suppose -3*g - 2*g - 2*u + j = 0, -4*g - u + 32423 = 0. Is g a composite number?
True
Let i(z) = -z**3 + 18*z**2 + 16*z + 728. Is i(-19) prime?
True
Let q be -314*((-2)/(-10))/((-16)/360). Let v = q + 1654. Is v a prime number?
True
Suppose 0 = 2*k + 4*s + 2252, 5*s + 4 = 6*s. Let i be ((-318)/12)/((-3399)/k - 3). Suppose -9*p + 80370 = i. Is p composite?
False
Is (-3)/6 + 29244/8 - -7 prime?
False
Let q(t) be the second derivative of 99*t**4/2 + t**3/6 + 3*t**2/2 - 2*t - 37. Is q(4) a composite number?
False
Let d be -1 + 0 - -50*(-6)/(-12). Let u be 32/d - 4/(-6). Suppose -7783 = -3*f - u*f - 3*b, 0 = -5*f + 4*b + 7811. Is f prime?
True
Is (10434 - -143)*5/7 prime?
False
Let m(t) = -t**2 - 8*t - 15. Let w be m(-7). Let p be (-30)/(-40) - 1074/w. Suppose 170 = 5*s + p. Is s composite?
False
Let m = 45328 + -29987. Let c = 27062 - m. Is c composite?
True
Suppose -32*v = -34*v - 4*w + 17090, -2*v + 3*w = -17055. Suppose 32*d = 16585 + v. Is d composite?
True
Let y(m) = 3*m**3 - 75*m**2 - 8*m - 57. Is y(50) a composite number?
False
Let p = -11 - -16. Suppose 0*h - 1205 = -p*h + 5*n, 4*h - 956 = -4*n. Let b = -61 + h. Is b a prime number?
True
Suppose 3*w - 287573 = -4*h, 2*w - 4*h = -w + 287605. Is w prime?
False
Let i(p) = -15*p + 14. Suppose s + 27 = -5*z - 16, 0 = 5*z - 2*s + 49. Is i(z) a prime number?
True
Suppose 0 = -4*o - 4*a + 1632376, -2*o = 7*a - 10*a - 816173. Is o a prime number?
True
Let p = 66862 + 19207. Is p composite?
False
Suppose -53 = -14*i + 73. Suppose 5*a = i*a - 18516. Suppose -82*k = -85*k + a. Is k a composite number?
False
Let t(l) = -5*l**3 - l**2 + 2*l. Let v be t(-5). Let s be (-45 + (6 - -16))*(0 - 11). Let r = v - s. Is r a prime number?
True
Is ((-5118)/30)/((4 - 1662/(-555)) + -7) a prime number?
False
Let f be (-4 - 30/(-9))*-9147 + 0. Let w = f - 3539. Is w prime?
False
Suppose -5*y + 2 = -4*t, -10 = -5*y - 3*t + 6. Is 844/9 - y/(-9) - 5 prime?
True
Suppose 6*k = 42 + 42. Suppose -k*y = -21*y. Suppose y = 2*m + m + 15, 0 = 5*q - 2*m - 15185. Is q prime?
False
Let d(w) = -62998*w + 6269. Is d(-8) prime?
True
Suppose 77959 = 18*o + 4519. Let x = -1889 + o. Is x composite?
True
Let c(u) = 92*u + 5. Let d be c(18). Suppose -324 - d = -5*g. Is g a composite number?
False
Let m(t) = -53*t**3 + 8*t**2 - 31*t + 147. Is m(-13) a composite number?
False
Let t be (-3922 - 0)*42/28. Is 1/4 + t/(-4) a composite number?
False
Suppose -5*z = 4*s + 46, 4*z - 2*s + 11 = -5. Let g(b) = 2*b + 11. Let q be g(z). Is (-221)/((-3 + 4 + 0)*q) a prime number?
False
Let j(w) = 28*w**3 + 28*w**2 - 140*w + 73. Is j(10) prime?
True
Suppose -4*j = 0, 303*j - 308*j = -2*p + 878678. Is p a composite number?
False
Let d(x) = 331217*x - 274. Is d(1) a prime number?
True
Is 628426/4*(0 + 14 + -12) a prime number?
True
Let c be 138/(-14) + 222/259. Is ((-7377)/c)/((-1)/(-3)) a prime number?
True
Let o(s) be the third derivative of 3*s**4/2 - 7*s**3/3 - 6*s**2. Let l = 10 + 5. Is o(l) composite?
True
Suppose a - 2*g = 400919, 5*a + 5*g - 280341 - 1724269 = 0. Is a a composite number?
True
Suppose 2*j + 5*i + 19 = -j, 5 = 5*i. Let f(v) = 2*v**2 + 5*v + 9. Is f(j) prime?
True
Let w(r) = 72*r**2 - 136*r + 57. Is w(37) composite?
True
Let z = 140903 - 73564. Is z a composite number?
False
Is 165167 + -21 + 19 + -4 a prime number?
True
Let x = -159152 + 86516. Is (31/62)/((-2)/x) composite?
True
Let c(k) = -k**3 + 73*k**2 - 54*k - 261. Is c(50) composite?
False
Let v(h) = h**2 + 6*h - 51. Let t be v(-11). Let i(g) = 27*g**3 - 9*g**2 + 14*g + 9. Is i(t) prime?
False
Let o(y) = -y + 5. Let h be o(1). Is -1399*(0 - (-2)/(-8)*h) a prime number?
True
Suppose -16*y = -15*y - 5*j - 2047, 4*y = 3*j + 8137. Suppose -3683 - y = -9*r. Is r a composite number?
True
Let u(d) = 3*d**2 + 14*d - 31. Let a = -321 - -297. Is u(a) a prime number?
True
Let u = 45 + -45. Suppose -5*p + 410 = -4*o - o, -o - 2*p - 94 = u. Let n = o + 235. Is n a prime number?
True
Let g(x) = -x**3 - 12*x**2 + 2. Let k be g(0). Suppose 18149 = 4*s - 5*a, s + k*a = -a + 4516. Is s a prime number?
False
Let x = -45798 - -191551. Is x a prime number?
True
Let z(k) = 2*k + 15. Let s be z(-10). Let r be (6/33 + 65/(-55))*s. Suppose -r*y = -4*y - 346. Is y composite?
True
Let r be (-1)/(237/(-39) + 6). Suppose -r*i + 6961 = -4674. Is i a prime number?
False
Suppose 6*a = 7*a - 5*f - 3963, -4*f = 2*a - 7870. Is a prime?
True
Let v(h) = 12*h**2 - 7*h - 3. Suppose 5*n + 12 = 52. Is v(n) a composite number?
False
Is 1 + 30/(-3) - 64972*(-74)/4 a composite number?
True
Let m = 77 - 47. Suppose -m = 16*q + 2. Is (2051/q)/((5/(-2))/5) a prime number?
False
Let i be (-1 + 3 + -4)*-2. Let p(x) = 114*x - 37. Let k(u) = -341*u + 112. Let g(o) = i*k(o) + 11*p(o). Is g(-12) composite?
False
Suppo